 n - u, -5*s = -5*n. What is the units digit of 1*s*(-68)/4?
7
Let u be (-1 + 2/6)/((-40)/(-1140)). What is the tens digit of (-3 - -6) + -11*(u + 3)?
7
Suppose 111*w - 114*w + 10938 = 0. What is the tens digit of w?
4
Let z(j) = 2*j**2 + j - 22. Let c be z(-11). Suppose -c = -7*x + 449. What is the units digit of x?
4
Let d(a) be the first derivative of -7*a**2/2 - 65*a - 41. What is the tens digit of d(-12)?
1
Let p = 390 + -216. Let g = p + 28. What is the tens digit of g?
0
Let a(w) = w**2 + 9*w + 10. Suppose -g - 6*l - 22 = -2*l, 5*g - 3*l + 41 = 0. Let k be a(g). Let i = -9 + k. What is the tens digit of i?
1
Let h(u) = -u - 8. Let x be h(-10). What is the units digit of x + (1 - 1)/4?
2
Suppose 2*w - 4 = -p, 5*w = -3*p - 0*w + 10. Let c be (4 - p)/(4/3). What is the units digit of c/(3 + 60/(-25))?
5
What is the units digit of 45/5 - (-5019)/21?
8
Let p(h) = 6*h**2 - 1. Let c be p(-1). Suppose -c*n + 1228 = 438. What is the units digit of n?
8
Let o(r) = r**3 - 2*r**2 + r + 3. Let v(c) = -c**3 + 10*c**2 + 11*c. Let l be v(11). What is the units digit of o(l)?
3
Let j(d) = d - 12 - 5*d + 19 + 3*d. Let k be j(6). Suppose 31 + k = w. What is the units digit of w?
2
Let g = 100 - 54. Suppose -g = 5*q + m, 5*m = -5*q - 58 + 8. What is the tens digit of (-4816)/(-126) + 2/q?
3
Let y(x) = 4*x**2 - 6*x - 5. Let l(u) = -3*u**2 + 5*u + 6. Let m(r) = -3*l(r) - 2*y(r). What is the tens digit of m(-4)?
2
Suppose -5*o = -20, -d + 5*o - 504 + 1566 = 0. What is the hundreds digit of d?
0
Let w(t) = -t**3 - 9*t**2 + 32*t. Let z be w(-12). Let a(m) = m**2 + 6*m + 7. Let o be a(-5). Suppose -o*d - 2*d = -z. What is the units digit of d?
2
What is the units digit of (0 - -310) + (20 - 25) - -4?
9
Let y(a) = -a - 6. Let d be y(4). Let t = 14 + d. Suppose t*f = -2*g - 0*g + 224, 4*g = 5*f - 306. What is the units digit of f?
8
Let y(h) = -7*h**3 + 0*h**2 - 4*h**2 + 6*h**3 + h**2 - 2. Let d be y(-4). Let r = 17 + d. What is the units digit of r?
1
Suppose 5*o - 55 = 55. Let b be 844/(-6) - o/(-33). Let p = b + 199. What is the units digit of p?
9
Suppose -29 = -3*a - 3*v + 7, -5*a + 4*v = -15. What is the hundreds digit of 944/7 + a/49?
1
Let i(r) = -5*r**3 + 9*r + 10. Let n(t) = -4*t**3 + 8*t + 9. Let g(s) = -5*i(s) + 6*n(s). What is the tens digit of g(4)?
8
Let p = 1 - -10. Suppose 1 = 3*r - p. What is the units digit of r?
4
Let n = -1 + 4. Suppose 4*w = 0, n*u - 7 = -4*w + 2. Suppose -u*m - 5*x + 136 = -0*m, 0 = -m - x + 46. What is the tens digit of m?
4
Let m(r) = -3*r + 10. Let f = -3 - -1. Let x be 3 + f/(6/33). What is the units digit of m(x)?
4
Let r = -11 - -6. Let v be 1*-4*r/10. Suppose o - 19 = -v*n, -n + 4*o = -0 + 4. What is the units digit of n?
8
Let c = -686 - -1003. What is the hundreds digit of c?
3
Suppose -4*f + 85 = f. Suppose -19*w + 232 = -f*w. What is the tens digit of w?
1
Let c be 1*-1 - (17 - 11). Let m(l) = -l**3 - 9*l**2 + 2*l - 2. Let r be m(c). What is the units digit of (r/(-15))/(2/10)?
8
What is the units digit of (-9)/(-6)*4150/15?
5
Suppose 4*c + 702 = -3*h, 218 = -h + 3*c + c. Let q be 10/65 + h/(-26). Suppose -5*s - 2*k = k - q, 2*k + 4 = 0. What is the units digit of s?
3
Let j = 2 + 22. Let g be ((-26)/39)/((-4)/(-54)). Let f = g + j. What is the units digit of f?
5
What is the units digit of (-192)/480 - (-11234)/10?
3
Suppose 5*w - 5*f = 4450, 3*w + w + 4*f = 3544. Suppose 3*j = 11*j - w. What is the hundreds digit of j?
1
Let u(n) = -n**3 + 3*n**2 - 4. Let t be u(7). Let g = t - -296. What is the units digit of g?
6
Let v(n) = -70*n - 2. Let f be v(1). Let u = -71 - f. What is the units digit of u?
1
What is the tens digit of ((-117172)/(-54))/2 - (-44)/594?
8
Let l(m) = 2*m**2 - 5*m + 23. Suppose -2*g + 30 = -4*i, g + 2*g - 5*i = 44. What is the tens digit of l(g)?
9
Suppose g - 50 = 6*g. Let t be 3/(-15) - 1902/g. Suppose -2*r + 4*x + 0*x = -102, 4*r - x = t. What is the units digit of r?
7
What is the hundreds digit of 958 - 0*(18/(-12) + 1)?
9
Let f(d) be the third derivative of 1/2*d**4 + 0 + 11/60*d**5 - 7/6*d**3 + 0*d - 3*d**2 + 1/120*d**6. What is the units digit of f(-9)?
7
Suppose 0 = 4*w + 3*w - 24584. What is the hundreds digit of w?
5
Let g(i) = 2301*i. What is the units digit of g(1)?
1
Let x = -6 - -7. Let p(q) = -q**3 - 2*q**2 + 2*q - 1. Let f be p(x). What is the units digit of (0 - f) + (5 - -4)?
1
Suppose 4*i - 5*y - 48 = 0, -3*i - 4*y = -8 + 3. Suppose -4*m = -2*x + 57 - i, 3*x = 3*m + 42. What is the tens digit of (-389)/(-6) + m/(-66)?
6
Suppose 12*d - 47*d = -8785. What is the hundreds digit of d?
2
Suppose 3456 = -174*v + 177*v. What is the thousands digit of v?
1
Let k(n) = -7*n - 2. Let y = -6 + 2. Let a be (6/y)/(8/16). What is the units digit of k(a)?
9
Suppose 0 = -5*w + 45 + 15. Suppose 10*j - w*j = -144. What is the tens digit of j?
7
Suppose 0 + 8 = 2*d. Suppose -d*a + 43 = 3*u, -4*a - 85 = -5*u - 8*a. What is the tens digit of u?
2
Let k(u) = u**3 + 3*u**2 + 2*u - 4. Let j be k(-4). Let s = 56 + j. Suppose 5*i = -v + 30, 4*i - 2*i - s = -2*v. What is the tens digit of v?
1
Let w = 130 + 23. Suppose -4*q + 319 = -w. What is the hundreds digit of q?
1
Let h be -1*2*(-4)/4. What is the units digit of (h - 0)/(22/737)?
7
Let f(z) = -z**3 + 15*z**2 - 28*z - 10. What is the units digit of f(12)?
6
Let l be 36/8*-2*-1. Let i be (6/l)/(2/15). Suppose 4*c - 4*k - 80 = 0, i*c - 3*c = k + 37. What is the units digit of c?
7
Let s be (-1 - (-1 + 0))/2. Suppose -5*k + 235 = -s*k. What is the units digit of k?
7
Let m = -33 - -133. Suppose 4*v = q + m, 0*q = -2*v - 3*q + 50. What is the tens digit of v?
2
Suppose g = -3*f - 2*g, 2*f = g. Suppose 5 = -5*o + 2*q + 20, f = 5*o - 3*q - 20. What is the units digit of o?
1
Let j(f) be the second derivative of f**3/6 - f**2 - f. Let y be j(2). Let n(b) = -b + 6. What is the units digit of n(y)?
6
What is the hundreds digit of 5390/6 - ((-32)/6)/8?
8
Suppose -189*c = -180*c - 17064. What is the units digit of c?
6
Suppose 197 = 5*k + 3*c - 2286, 3*k = -5*c + 1493. What is the tens digit of k?
9
Let o(b) = -4*b**3 - b**2 - 2*b - 4. Let r be o(-2). Let k = 46 + r. What is the tens digit of k?
7
What is the tens digit of 4790/2 - (-8 - -14 - 7)?
9
Let k = 800 - 662. What is the tens digit of k?
3
Let k(a) = -18*a**2 + 3*a + 2. Let o(i) = -i**2 + i. Let p(r) = -k(r) + 4*o(r). What is the tens digit of p(3)?
2
Let i(n) = 203*n - 14. What is the units digit of i(5)?
1
What is the units digit of 24/(-16) - (-6146)/4?
5
Suppose -z - 2*k + 6*k + 567 = 0, 0 = 5*z - 5*k - 2910. What is the tens digit of z?
8
Suppose 119 = -2*f + 3*p, 4*f - p + 2*p + 245 = 0. Let t = f + 108. What is the tens digit of t?
4
Let t be 7/2 - (-17)/34. Suppose -69 + 14 = -5*q. Suppose 0 = -t*f + q + 13. What is the units digit of f?
6
Suppose 39*m - 43*m = -7192. What is the thousands digit of m?
1
Let w be 4*((-2)/4 + 0). Let y(t) be the second derivative of 3*t**4/4 - t**3/6 - 3*t**2/2 - 15*t + 2. What is the units digit of y(w)?
5
Suppose v - 4 + 0 = 0. Suppose 0 = -l - v*l + 10. Suppose z + 3*i = -0 + l, -2*z = -4*i - 4. What is the units digit of z?
2
Let f(r) = -16*r + 400. Let j be f(25). Let k be (-2 + 25/(-3))*-3. Suppose i - 34 = -j*a - 2*a, -k = -i - 5*a. What is the units digit of i?
6
Let p(f) be the second derivative of f**4/6 - f**3 - 9*f**2/2 + 8*f + 3. What is the tens digit of p(14)?
9
Suppose -10 = -j + 4*h, 0 = 3*j + h - 4 - 39. Suppose -2*r + j = -2*i, -r = r - i - 16. Suppose 2*g = r + 5. What is the units digit of g?
7
What is the units digit of 2/4*-12*132/(-9)?
8
Let h(t) = 5*t**2 + 2*t - 1. Let f be h(1). Let m = f - 3. Suppose 5 = -d, -4*z + m*d = -2*d - 249. What is the tens digit of z?
5
Let x(g) = -203*g - 1 + 199*g - 68*g**2 + 259*g**2. What is the hundreds digit of x(1)?
1
Let c(a) = 43*a + 66. What is the hundreds digit of c(14)?
6
Suppose -4*b + 6*b - 928 = 0. What is the tens digit of b?
6
Suppose -17 = -t - 2. Suppose -2*p + r + 3 = -0*r, -t = -5*p + r. Suppose -p*j + 75 - 11 = 0. What is the units digit of j?
6
Suppose -2*l + 4*g + 46 = 12, -l + g + 18 = 0. Let m = l - 11. Suppose 10 = -7*u + m*u. What is the units digit of u?
0
Suppose -4*b - 2 = -14. What is the units digit of b/(3/(-3)) - -33?
0
Suppose -5 + 1 = n - 2*i, -5 = 5*n - 5*i. Let 